{"id":227,"date":"2026-03-15T23:18:57","date_gmt":"2026-03-15T22:18:57","guid":{"rendered":"https:\/\/tischlerei-gerd-fischer.de\/eichsfeld\/?page_id=227"},"modified":"2026-04-10T13:49:52","modified_gmt":"2026-04-10T11:49:52","slug":"holzfenster","status":"publish","type":"page","link":"https:\/\/tischlerei-gerd-fischer.de\/eichsfeld\/holzfenster\/","title":{"rendered":"Holzfenster"},"content":{"rendered":"<div class=\"wpb-content-wrapper\"><p>[vc_row][vc_column][vc_row_inner][vc_column_inner]<div class=\"eut-element eut-slogan eut-align-inherit\" style=\"\"><div class=\"eut-subtitle\">Pr\u00e4zise gefertigt f\u00fcr R\u00e4ume mit Charakter und Best\u00e4ndigkeit.<\/div><h1 class=\"eut-slogan-title eut-align-inherit eut-h2\"><span>Fenster schaffen Licht, Atmosph\u00e4re und ein Gef\u00fchl von Zuhause.<span class=\"eut-title-line eut-bg-primary-1\" style=\"width: 50px;height: 2px;\"><\/span><\/span><\/h1>  <p class=\"\">\u00c4sthetik, Schutz und Energieeffizienz in perfekter Balance.<\/p><div class=\"eut-btn-wrapper\"><a href=\"#holzfenster\" class=\"eut-btn eut-btn-small eut-square eut-bg-primary-1 eut-bg-hover-black\"><span>Beispiele<\/span><\/a><a href=\"https:\/\/tischlerei-gerd-fischer.de\/eichsfeld\/kontakt\/\" title=\"Kontakt\" class=\"eut-btn eut-btn-small eut-square eut-bg-primary-1 eut-bg-hover-black\"><span>Anfrage<\/span><\/a><\/div><\/div>[\/vc_column_inner][\/vc_row_inner][vc_row_inner][vc_column_inner width=&#8220;1\/2&#8243;][vc_column_text css=&#8220;&#8220;]<strong>Fenster schaffen Licht, Atmosph\u00e4re und ein Gef\u00fchl von Zuhause.<\/strong> Sie verbinden Innen und Au\u00dfen, pr\u00e4gen die Architektur eines Geb\u00e4udes und leisten zugleich einen wichtigen Beitrag zu Komfort, Sicherheit und Energieeffizienz. Die Anforderungen an moderne Fenster sind heute so hoch wie nie zuvor \u2013 technisch, wirtschaftlich und \u00f6kologisch. Seit vielen Jahrzehnten begegnen wir dieser Verantwortung mit handwerklicher Sorgfalt, modernster CNC-gesteuerter Fertigung und der Erfahrung qualifizierter Fachkr\u00e4fte.[\/vc_column_text][\/vc_column_inner][vc_column_inner width=&#8220;1\/2&#8243;][vc_column_text css=&#8220;&#8220;]So entstehen Fensterl\u00f6sungen, die nicht nur h\u00f6chsten funktionalen Anspr\u00fcchen gerecht werden, sondern auch durch Langlebigkeit, Pr\u00e4zision und Qualit\u00e4t \u00fcberzeugen. Ob zuverl\u00e4ssiger Schallschutz, wirksame Einbruchhemmung, hohe Wetterbest\u00e4ndigkeit oder beste energetische Eigenschaften: Unsere Holzfenster stehen f\u00fcr nachhaltige Werte und sind ein pr\u00e4gender Bestandteil unserer Unternehmensgeschichte.[\/vc_column_text][\/vc_column_inner][\/vc_row_inner][\/vc_column][vc_column el_id=&#8220;holzfenster&#8220;]<div class=\"eut-element eut-gallery eut-isotope eut-gallery-popup eut-with-gap\" style=\"\" data-columns=\"3\" data-columns-large-screen=\"3\" data-columns-tablet-landscape=\"2\" data-columns-tablet-portrait=\"2\" data-columns-mobile=\"1\" data-layout=\"fitRows\" data-gutter-size=\"40\">  <div class=\"eut-isotope-container\"><div class=\"eut-isotope-item eut-hover-item eut-hover-style-none\"><div class=\"eut-isotope-item-inner eut-zoom-in\">  <figure class=\"eut-image-hover\"><a class=\"eut-item-url\" href=\"https:\/\/tischlerei-gerd-fischer.de\/eichsfeld\/wp-content\/uploads\/2026\/03\/Holzfenster-01-1920x1080.jpg\"  data-size=\"1920x1080\"><\/a><div class=\"eut-hover-overlay eut-bg-light eut-opacity-90\"><\/div><div class=\"eut-media\"><div class=\"eut-thumbnail-wrapper\"><div class=\"eut-thumbnail\"  style=\"padding-top: 100%;\"><img loading=\"lazy\" decoding=\"async\" width=\"560\" height=\"560\" src=\"https:\/\/tischlerei-gerd-fischer.de\/eichsfeld\/wp-content\/uploads\/2026\/03\/Holzfenster-01-560x560.jpg\" class=\"attachment-crocal-eutf-small-square size-crocal-eutf-small-square\" alt=\"\" data-lazyload=\"auto\" data-eutf-filter=\"yes\" srcset=\"https:\/\/tischlerei-gerd-fischer.de\/eichsfeld\/wp-content\/uploads\/2026\/03\/Holzfenster-01-560x560.jpg 560w, https:\/\/tischlerei-gerd-fischer.de\/eichsfeld\/wp-content\/uploads\/2026\/03\/Holzfenster-01-150x150.jpg 150w, https:\/\/tischlerei-gerd-fischer.de\/eichsfeld\/wp-content\/uploads\/2026\/03\/Holzfenster-01-900x900.jpg 900w\" sizes=\"auto, (max-width: 560px) 100vw, 560px\" \/><\/div><\/div><\/div>  <\/figure><\/div><\/div><div class=\"eut-isotope-item eut-hover-item eut-hover-style-none\"><div class=\"eut-isotope-item-inner eut-zoom-in\">  <figure class=\"eut-image-hover\"><a class=\"eut-item-url\" href=\"https:\/\/tischlerei-gerd-fischer.de\/eichsfeld\/wp-content\/uploads\/2026\/03\/Holzfenster-02-1920x1080.jpg\"  data-size=\"1920x1080\"><\/a><div class=\"eut-hover-overlay eut-bg-light eut-opacity-90\"><\/div><div class=\"eut-media\"><div class=\"eut-thumbnail-wrapper\"><div class=\"eut-thumbnail\"  style=\"padding-top: 100%;\"><img loading=\"lazy\" decoding=\"async\" width=\"560\" height=\"560\" src=\"https:\/\/tischlerei-gerd-fischer.de\/eichsfeld\/wp-content\/uploads\/2026\/03\/Holzfenster-02-560x560.jpg\" class=\"attachment-crocal-eutf-small-square size-crocal-eutf-small-square\" alt=\"\" data-lazyload=\"auto\" data-eutf-filter=\"yes\" srcset=\"https:\/\/tischlerei-gerd-fischer.de\/eichsfeld\/wp-content\/uploads\/2026\/03\/Holzfenster-02-560x560.jpg 560w, https:\/\/tischlerei-gerd-fischer.de\/eichsfeld\/wp-content\/uploads\/2026\/03\/Holzfenster-02-150x150.jpg 150w, https:\/\/tischlerei-gerd-fischer.de\/eichsfeld\/wp-content\/uploads\/2026\/03\/Holzfenster-02-900x900.jpg 900w\" sizes=\"auto, (max-width: 560px) 100vw, 560px\" \/><\/div><\/div><\/div>  <\/figure><\/div><\/div><div class=\"eut-isotope-item eut-hover-item eut-hover-style-none\"><div class=\"eut-isotope-item-inner eut-zoom-in\">  <figure class=\"eut-image-hover\"><a class=\"eut-item-url\" href=\"https:\/\/tischlerei-gerd-fischer.de\/eichsfeld\/wp-content\/uploads\/2026\/03\/Holzfenster-03-1920x1080.jpg\"  data-size=\"1920x1080\"><\/a><div class=\"eut-hover-overlay eut-bg-light eut-opacity-90\"><\/div><div class=\"eut-media\"><div class=\"eut-thumbnail-wrapper\"><div class=\"eut-thumbnail\"  style=\"padding-top: 100%;\"><img loading=\"lazy\" decoding=\"async\" width=\"560\" height=\"560\" src=\"https:\/\/tischlerei-gerd-fischer.de\/eichsfeld\/wp-content\/uploads\/2026\/03\/Holzfenster-03-560x560.jpg\" class=\"attachment-crocal-eutf-small-square size-crocal-eutf-small-square\" alt=\"\" data-lazyload=\"auto\" data-eutf-filter=\"yes\" srcset=\"https:\/\/tischlerei-gerd-fischer.de\/eichsfeld\/wp-content\/uploads\/2026\/03\/Holzfenster-03-560x560.jpg 560w, https:\/\/tischlerei-gerd-fischer.de\/eichsfeld\/wp-content\/uploads\/2026\/03\/Holzfenster-03-150x150.jpg 150w, https:\/\/tischlerei-gerd-fischer.de\/eichsfeld\/wp-content\/uploads\/2026\/03\/Holzfenster-03-900x900.jpg 900w\" sizes=\"auto, (max-width: 560px) 100vw, 560px\" \/><\/div><\/div><\/div>  <\/figure><\/div><\/div>  <\/div><\/div>[\/vc_column][\/vc_row]<\/p>\n<\/div>","protected":false},"excerpt":{"rendered":"<p>[vc_row][vc_column][vc_row_inner][vc_column_inner][\/vc_column_inner][\/vc_row_inner][vc_row_inner][vc_column_inner width=&#8220;1\/2&#8243;][vc_column_text css=&#8220;&#8220;]Fenster schaffen Licht, Atmosph\u00e4re und ein Gef\u00fchl von Zuhause. Sie verbinden Innen und Au\u00dfen, pr\u00e4gen die Architektur eines Geb\u00e4udes und leisten zugleich einen wichtigen Beitrag zu Komfort, Sicherheit und Energieeffizienz. Die Anforderungen an moderne Fenster sind heute so hoch wie nie zuvor \u2013 technisch, wirtschaftlich und \u00f6kologisch. Seit vielen Jahrzehnten begegnen wir dieser [&hellip;]<\/p>\n","protected":false},"author":1,"featured_media":0,"parent":0,"menu_order":0,"comment_status":"closed","ping_status":"closed","template":"","meta":{"footnotes":""},"class_list":["post-227","page","type-page","status-publish","hentry"],"_links":{"self":[{"href":"https:\/\/tischlerei-gerd-fischer.de\/eichsfeld\/wp-json\/wp\/v2\/pages\/227","targetHints":{"allow":["GET"]}}],"collection":[{"href":"https:\/\/tischlerei-gerd-fischer.de\/eichsfeld\/wp-json\/wp\/v2\/pages"}],"about":[{"href":"https:\/\/tischlerei-gerd-fischer.de\/eichsfeld\/wp-json\/wp\/v2\/types\/page"}],"author":[{"embeddable":true,"href":"https:\/\/tischlerei-gerd-fischer.de\/eichsfeld\/wp-json\/wp\/v2\/users\/1"}],"replies":[{"embeddable":true,"href":"https:\/\/tischlerei-gerd-fischer.de\/eichsfeld\/wp-json\/wp\/v2\/comments?post=227"}],"version-history":[{"count":10,"href":"https:\/\/tischlerei-gerd-fischer.de\/eichsfeld\/wp-json\/wp\/v2\/pages\/227\/revisions"}],"predecessor-version":[{"id":460,"href":"https:\/\/tischlerei-gerd-fischer.de\/eichsfeld\/wp-json\/wp\/v2\/pages\/227\/revisions\/460"}],"wp:attachment":[{"href":"https:\/\/tischlerei-gerd-fischer.de\/eichsfeld\/wp-json\/wp\/v2\/media?parent=227"}],"curies":[{"name":"wp","href":"https:\/\/api.w.org\/{rel}","templated":true}]}}