{"id":499,"date":"2026-04-11T11:16:44","date_gmt":"2026-04-11T09:16:44","guid":{"rendered":"https:\/\/tischlerei-gerd-fischer.de\/eichsfeld\/?page_id=499"},"modified":"2026-04-11T11:38:08","modified_gmt":"2026-04-11T09:38:08","slug":"kunststofftueren","status":"publish","type":"page","link":"https:\/\/tischlerei-gerd-fischer.de\/eichsfeld\/kunststofftueren\/","title":{"rendered":"Kunststofft\u00fcren"},"content":{"rendered":"<div class=\"wpb-content-wrapper\"><p>[vc_row][vc_column][vc_row_inner][vc_column_inner]<div class=\"eut-element eut-slogan eut-align-inherit\" style=\"\"><div class=\"eut-subtitle\">UNSERE KUNSTSTOFFT\u00dcREN VERBINDEN ZEITLOSE \u00c4STHETIK MIT SICHERHEIT, W\u00c4RMED\u00c4MMUNG UND DAUERHAFTER QUALIT\u00c4T.<\/div><h1 class=\"eut-slogan-title eut-align-inherit eut-h2\"><span>EIN STILVOLLER EMPFANG.<span class=\"eut-title-line eut-bg-primary-1\" style=\"width: 50px;height: 2px;\"><\/span><\/span><\/h1>  <p class=\"\">Moderne Kunststoffhaust\u00fcren vereinen elegante Optik, sp\u00fcrbaren Komfort und zuverl\u00e4ssige Sicherheit \u2013 f\u00fcr einen Eingangsbereich, der Eindruck macht und dauerhaft \u00fcberzeugt.<\/p><div class=\"eut-btn-wrapper\"><a href=\"#kunststofftueren\" class=\"eut-btn eut-btn-small eut-square eut-bg-primary-1 eut-bg-hover-black\"><span>Beispiele<\/span><\/a><a href=\"https:\/\/tischlerei-gerd-fischer.de\/eichsfeld\/kontakt\/\" title=\"Kontakt\" class=\"eut-btn eut-btn-small eut-square eut-bg-primary-1 eut-bg-hover-black\"><span>Anfrage<\/span><\/a><\/div><\/div>[\/vc_column_inner][\/vc_row_inner][vc_row_inner][vc_column_inner width=&#8220;1\/2&#8243;][vc_column_text css=&#8220;&#8220;]<strong>Stilvoll, sicher und langlebig \u2013 Kunststofft\u00fcren mit Qualit\u00e4t<\/strong><\/p>\n<p>Eine Haust\u00fcr ist weit mehr als ein funktionales Bauelement. Sie ist der erste Eindruck Ihres Zuhauses, vermittelt Schutz, Wertigkeit und ein gutes Gef\u00fchl beim Ankommen. Hochwertige Kunststoffhaust\u00fcren \u00fcberzeugen durch ihre Stabilit\u00e4t, ihre hohe Belastbarkeit und ihre ausgezeichneten D\u00e4mmeigenschaften. Gleichzeitig sind sie angenehm pflegeleicht und trotzen Feuchtigkeit, Witterung und t\u00e4glicher Beanspruchung mit bemerkenswerter Best\u00e4ndigkeit.[\/vc_column_text][\/vc_column_inner][vc_column_inner width=&#8220;1\/2&#8243;][vc_column_text css=&#8220;&#8220;]Auch gestalterisch er\u00f6ffnen Kunststoffhaust\u00fcren nahezu grenzenlose M\u00f6glichkeiten. Ob klassisch, modern oder besonders exklusiv \u2013 Farben, Formen und Oberfl\u00e4chen lassen sich harmonisch auf Haus und Architektur abstimmen. Hochwertige Dekorfolien sorgen dabei f\u00fcr eine dauerhaft sch\u00f6ne, farbechte Oberfl\u00e4che. Selbst authentische Holzoptiken mit nat\u00fcrlicher Ausstrahlung sind m\u00f6glich. So entsteht eine T\u00fcr, die nicht nur sch\u00fctzt, sondern den Charakter Ihres Hauses auf stilvolle Weise unterstreicht.[\/vc_column_text][\/vc_column_inner][\/vc_row_inner][\/vc_column][vc_column el_id=&#8220;kunststofftueren&#8220;]<div class=\"eut-element eut-gallery eut-isotope eut-gallery-popup eut-with-gap\" style=\"\" data-columns=\"3\" data-columns-large-screen=\"3\" data-columns-tablet-landscape=\"2\" data-columns-tablet-portrait=\"2\" data-columns-mobile=\"1\" data-layout=\"fitRows\" data-gutter-size=\"40\">  <div class=\"eut-isotope-container\"><div class=\"eut-isotope-item eut-hover-item eut-hover-style-none\"><div class=\"eut-isotope-item-inner eut-zoom-in\">  <figure class=\"eut-image-hover\"><a class=\"eut-item-url\" href=\"https:\/\/tischlerei-gerd-fischer.de\/eichsfeld\/wp-content\/uploads\/2026\/04\/Kunststofftuer-01-1920x1080.jpg\"  data-size=\"1920x1080\"><\/a><div class=\"eut-hover-overlay eut-bg-light eut-opacity-90\"><\/div><div class=\"eut-media\"><div class=\"eut-thumbnail-wrapper\"><div class=\"eut-thumbnail\"  style=\"padding-top: 100%;\"><img loading=\"lazy\" decoding=\"async\" width=\"560\" height=\"560\" src=\"https:\/\/tischlerei-gerd-fischer.de\/eichsfeld\/wp-content\/uploads\/2026\/04\/Kunststofftuer-01-560x560.jpg\" class=\"attachment-crocal-eutf-small-square size-crocal-eutf-small-square\" alt=\"\" data-lazyload=\"auto\" data-eutf-filter=\"yes\" srcset=\"https:\/\/tischlerei-gerd-fischer.de\/eichsfeld\/wp-content\/uploads\/2026\/04\/Kunststofftuer-01-560x560.jpg 560w, https:\/\/tischlerei-gerd-fischer.de\/eichsfeld\/wp-content\/uploads\/2026\/04\/Kunststofftuer-01-150x150.jpg 150w, https:\/\/tischlerei-gerd-fischer.de\/eichsfeld\/wp-content\/uploads\/2026\/04\/Kunststofftuer-01-900x900.jpg 900w\" sizes=\"auto, (max-width: 560px) 100vw, 560px\" \/><\/div><\/div><\/div>  <\/figure><\/div><\/div><div class=\"eut-isotope-item eut-hover-item eut-hover-style-none\"><div class=\"eut-isotope-item-inner eut-zoom-in\">  <figure class=\"eut-image-hover\"><a class=\"eut-item-url\" href=\"https:\/\/tischlerei-gerd-fischer.de\/eichsfeld\/wp-content\/uploads\/2026\/04\/Kunststofftuer-02-1920x1080.jpg\"  data-size=\"1920x1080\"><\/a><div class=\"eut-hover-overlay eut-bg-light eut-opacity-90\"><\/div><div class=\"eut-media\"><div class=\"eut-thumbnail-wrapper\"><div class=\"eut-thumbnail\"  style=\"padding-top: 100%;\"><img loading=\"lazy\" decoding=\"async\" width=\"560\" height=\"560\" src=\"https:\/\/tischlerei-gerd-fischer.de\/eichsfeld\/wp-content\/uploads\/2026\/04\/Kunststofftuer-02-560x560.jpg\" class=\"attachment-crocal-eutf-small-square size-crocal-eutf-small-square\" alt=\"\" data-lazyload=\"auto\" data-eutf-filter=\"yes\" srcset=\"https:\/\/tischlerei-gerd-fischer.de\/eichsfeld\/wp-content\/uploads\/2026\/04\/Kunststofftuer-02-560x560.jpg 560w, https:\/\/tischlerei-gerd-fischer.de\/eichsfeld\/wp-content\/uploads\/2026\/04\/Kunststofftuer-02-150x150.jpg 150w, https:\/\/tischlerei-gerd-fischer.de\/eichsfeld\/wp-content\/uploads\/2026\/04\/Kunststofftuer-02-900x900.jpg 900w\" sizes=\"auto, (max-width: 560px) 100vw, 560px\" \/><\/div><\/div><\/div>  <\/figure><\/div><\/div><div class=\"eut-isotope-item eut-hover-item eut-hover-style-none\"><div class=\"eut-isotope-item-inner eut-zoom-in\">  <figure class=\"eut-image-hover\"><a class=\"eut-item-url\" href=\"https:\/\/tischlerei-gerd-fischer.de\/eichsfeld\/wp-content\/uploads\/2026\/04\/Kunststofftuer-03-1920x1080.jpg\"  data-size=\"1920x1080\"><\/a><div class=\"eut-hover-overlay eut-bg-light eut-opacity-90\"><\/div><div class=\"eut-media\"><div class=\"eut-thumbnail-wrapper\"><div class=\"eut-thumbnail\"  style=\"padding-top: 100%;\"><img loading=\"lazy\" decoding=\"async\" width=\"560\" height=\"560\" src=\"https:\/\/tischlerei-gerd-fischer.de\/eichsfeld\/wp-content\/uploads\/2026\/04\/Kunststofftuer-03-560x560.jpg\" class=\"attachment-crocal-eutf-small-square size-crocal-eutf-small-square\" alt=\"\" data-lazyload=\"auto\" data-eutf-filter=\"yes\" srcset=\"https:\/\/tischlerei-gerd-fischer.de\/eichsfeld\/wp-content\/uploads\/2026\/04\/Kunststofftuer-03-560x560.jpg 560w, https:\/\/tischlerei-gerd-fischer.de\/eichsfeld\/wp-content\/uploads\/2026\/04\/Kunststofftuer-03-150x150.jpg 150w, https:\/\/tischlerei-gerd-fischer.de\/eichsfeld\/wp-content\/uploads\/2026\/04\/Kunststofftuer-03-900x900.jpg 900w\" sizes=\"auto, (max-width: 560px) 100vw, 560px\" \/><\/div><\/div><\/div>  <\/figure><\/div><\/div><div class=\"eut-isotope-item eut-hover-item eut-hover-style-none\"><div class=\"eut-isotope-item-inner eut-zoom-in\">  <figure class=\"eut-image-hover\"><a class=\"eut-item-url\" href=\"https:\/\/tischlerei-gerd-fischer.de\/eichsfeld\/wp-content\/uploads\/2026\/04\/Kunststofftuer-04-1920x1080.jpg\"  data-size=\"1920x1080\"><\/a><div class=\"eut-hover-overlay eut-bg-light eut-opacity-90\"><\/div><div class=\"eut-media\"><div class=\"eut-thumbnail-wrapper\"><div class=\"eut-thumbnail\"  style=\"padding-top: 100%;\"><img loading=\"lazy\" decoding=\"async\" width=\"560\" height=\"560\" src=\"https:\/\/tischlerei-gerd-fischer.de\/eichsfeld\/wp-content\/uploads\/2026\/04\/Kunststofftuer-04-560x560.jpg\" class=\"attachment-crocal-eutf-small-square size-crocal-eutf-small-square\" alt=\"\" data-lazyload=\"auto\" data-eutf-filter=\"yes\" srcset=\"https:\/\/tischlerei-gerd-fischer.de\/eichsfeld\/wp-content\/uploads\/2026\/04\/Kunststofftuer-04-560x560.jpg 560w, https:\/\/tischlerei-gerd-fischer.de\/eichsfeld\/wp-content\/uploads\/2026\/04\/Kunststofftuer-04-150x150.jpg 150w, https:\/\/tischlerei-gerd-fischer.de\/eichsfeld\/wp-content\/uploads\/2026\/04\/Kunststofftuer-04-900x900.jpg 900w\" sizes=\"auto, (max-width: 560px) 100vw, 560px\" \/><\/div><\/div><\/div>  <\/figure><\/div><\/div><div class=\"eut-isotope-item eut-hover-item eut-hover-style-none\"><div class=\"eut-isotope-item-inner eut-zoom-in\">  <figure class=\"eut-image-hover\"><a class=\"eut-item-url\" href=\"https:\/\/tischlerei-gerd-fischer.de\/eichsfeld\/wp-content\/uploads\/2026\/04\/Kunststofftuer-05-1920x1080.jpg\"  data-size=\"1920x1080\"><\/a><div class=\"eut-hover-overlay eut-bg-light eut-opacity-90\"><\/div><div class=\"eut-media\"><div class=\"eut-thumbnail-wrapper\"><div class=\"eut-thumbnail\"  style=\"padding-top: 100%;\"><img loading=\"lazy\" decoding=\"async\" width=\"560\" height=\"560\" src=\"https:\/\/tischlerei-gerd-fischer.de\/eichsfeld\/wp-content\/uploads\/2026\/04\/Kunststofftuer-05-560x560.jpg\" class=\"attachment-crocal-eutf-small-square size-crocal-eutf-small-square\" alt=\"\" data-lazyload=\"auto\" data-eutf-filter=\"yes\" srcset=\"https:\/\/tischlerei-gerd-fischer.de\/eichsfeld\/wp-content\/uploads\/2026\/04\/Kunststofftuer-05-560x560.jpg 560w, https:\/\/tischlerei-gerd-fischer.de\/eichsfeld\/wp-content\/uploads\/2026\/04\/Kunststofftuer-05-150x150.jpg 150w, https:\/\/tischlerei-gerd-fischer.de\/eichsfeld\/wp-content\/uploads\/2026\/04\/Kunststofftuer-05-900x900.jpg 900w\" sizes=\"auto, (max-width: 560px) 100vw, 560px\" \/><\/div><\/div><\/div>  <\/figure><\/div><\/div><div class=\"eut-isotope-item eut-hover-item eut-hover-style-none\"><div class=\"eut-isotope-item-inner eut-zoom-in\">  <figure class=\"eut-image-hover\"><a class=\"eut-item-url\" href=\"https:\/\/tischlerei-gerd-fischer.de\/eichsfeld\/wp-content\/uploads\/2026\/04\/Kunststofftuer-06-1920x1080.jpg\"  data-size=\"1920x1080\"><\/a><div class=\"eut-hover-overlay eut-bg-light eut-opacity-90\"><\/div><div class=\"eut-media\"><div class=\"eut-thumbnail-wrapper\"><div class=\"eut-thumbnail\"  style=\"padding-top: 100%;\"><img loading=\"lazy\" decoding=\"async\" width=\"560\" height=\"560\" src=\"https:\/\/tischlerei-gerd-fischer.de\/eichsfeld\/wp-content\/uploads\/2026\/04\/Kunststofftuer-06-560x560.jpg\" class=\"attachment-crocal-eutf-small-square size-crocal-eutf-small-square\" alt=\"\" data-lazyload=\"auto\" data-eutf-filter=\"yes\" srcset=\"https:\/\/tischlerei-gerd-fischer.de\/eichsfeld\/wp-content\/uploads\/2026\/04\/Kunststofftuer-06-560x560.jpg 560w, https:\/\/tischlerei-gerd-fischer.de\/eichsfeld\/wp-content\/uploads\/2026\/04\/Kunststofftuer-06-150x150.jpg 150w, https:\/\/tischlerei-gerd-fischer.de\/eichsfeld\/wp-content\/uploads\/2026\/04\/Kunststofftuer-06-900x900.jpg 900w\" sizes=\"auto, (max-width: 560px) 100vw, 560px\" \/><\/div><\/div><\/div>  <\/figure><\/div><\/div>  <\/div><\/div>[\/vc_column][\/vc_row]<\/p>\n<\/div>","protected":false},"excerpt":{"rendered":"<p>[vc_row][vc_column][vc_row_inner][vc_column_inner][\/vc_column_inner][\/vc_row_inner][vc_row_inner][vc_column_inner width=&#8220;1\/2&#8243;][vc_column_text css=&#8220;&#8220;]Stilvoll, sicher und langlebig \u2013 Kunststofft\u00fcren mit Qualit\u00e4t Eine Haust\u00fcr ist weit mehr als ein funktionales Bauelement. Sie ist der erste Eindruck Ihres Zuhauses, vermittelt Schutz, Wertigkeit und ein gutes Gef\u00fchl beim Ankommen. Hochwertige Kunststoffhaust\u00fcren \u00fcberzeugen durch ihre Stabilit\u00e4t, ihre hohe Belastbarkeit und ihre ausgezeichneten D\u00e4mmeigenschaften. Gleichzeitig sind sie angenehm pflegeleicht und trotzen [&hellip;]<\/p>\n","protected":false},"author":1,"featured_media":0,"parent":0,"menu_order":0,"comment_status":"closed","ping_status":"closed","template":"","meta":{"footnotes":""},"class_list":["post-499","page","type-page","status-publish","hentry"],"_links":{"self":[{"href":"https:\/\/tischlerei-gerd-fischer.de\/eichsfeld\/wp-json\/wp\/v2\/pages\/499","targetHints":{"allow":["GET"]}}],"collection":[{"href":"https:\/\/tischlerei-gerd-fischer.de\/eichsfeld\/wp-json\/wp\/v2\/pages"}],"about":[{"href":"https:\/\/tischlerei-gerd-fischer.de\/eichsfeld\/wp-json\/wp\/v2\/types\/page"}],"author":[{"embeddable":true,"href":"https:\/\/tischlerei-gerd-fischer.de\/eichsfeld\/wp-json\/wp\/v2\/users\/1"}],"replies":[{"embeddable":true,"href":"https:\/\/tischlerei-gerd-fischer.de\/eichsfeld\/wp-json\/wp\/v2\/comments?post=499"}],"version-history":[{"count":6,"href":"https:\/\/tischlerei-gerd-fischer.de\/eichsfeld\/wp-json\/wp\/v2\/pages\/499\/revisions"}],"predecessor-version":[{"id":503,"href":"https:\/\/tischlerei-gerd-fischer.de\/eichsfeld\/wp-json\/wp\/v2\/pages\/499\/revisions\/503"}],"wp:attachment":[{"href":"https:\/\/tischlerei-gerd-fischer.de\/eichsfeld\/wp-json\/wp\/v2\/media?parent=499"}],"curies":[{"name":"wp","href":"https:\/\/api.w.org\/{rel}","templated":true}]}}